 prime factors of z?
2, 29
Let c = -3155 - -3799. List the prime factors of c.
2, 7, 23
Let s(v) = -2*v**3 - 6*v**2 - 9*v - 27. Let d be s(-7). Suppose -3*k - q = -d, -2*k = -4*q - 113 - 177. List the prime factors of k.
11, 13
Suppose -i = -5*i + 476. Suppose i = -t + j, 4*j - 2*j + 337 = -3*t. Let k = -82 - t. List the prime factors of k.
3, 11
Suppose 3*k - 12 = -3*h, -k + 16 = 5*h - 8. What are the prime factors of h + (-8)/2 - -14?
3, 5
Let u(i) = 105*i**3 + 7*i**2 + 7*i - 115. What are the prime factors of u(5)?
2, 5, 661
Suppose -20*g - 1450 = -30*g. List the prime factors of 332 - (29/g)/((-2)/(-20)).
2, 3, 5, 11
Let v = 202 + -68. Let z = v + 61. What are the prime factors of z?
3, 5, 13
Let b(g) = -g**3 + 7*g**2 - 2*g - 22. Let i be b(6). Suppose 0 = -i*y + 266 + 906. List the prime factors of y.
2, 293
Suppose 20 = 14*w - 9*w. Suppose w*d + 5*o - 2540 = -d, 1520 = 3*d + 5*o. What are the prime factors of d?
2, 3, 5, 17
Let s(z) = 4*z**3 - 2*z**2 - 3*z + 16. Let w(j) = j**2 + 4*j + 4. Let o be w(0). Let l be s(o). Suppose 6*m - l = 264. What are the prime factors of m?
2, 41
Suppose 5*k - 3*m = 56, 0*m + 68 = 5*k + m. Suppose 0 = k*x - 4*x - 1719. What are the prime factors of x?
191
Suppose 0 = 5*c - 5*n - 1175, 624 - 140 = 2*c + 5*n. Let d = 395 - c. What are the prime factors of d?
2, 79
Suppose 0*m + 2*m = 2*v + 2002, -2*m + 5*v = -1990. Suppose m = 115*r - 112*r. Let a = r + -216. What are the prime factors of a?
7, 17
Let p be 2 - 2 - (1 + -3). Let j(c) = -5*c**2 - 1 + 7*c**2 + 2*c**3 + 9*c**3 - c**2. List the prime factors of j(p).
7, 13
Suppose -465300 = 23*w - 122*w + 39*w. List the prime factors of w.
3, 5, 11, 47
Let r = 89 - 86. Suppose 11 = -r*d - 4, 1400 = 5*p + 4*d. What are the prime factors of p?
2, 71
Let z = -13 - -18. Let m(i) = 2*i**2 - 6*i - 30. Let y(w) = -w**2 + 3*w + 15. Let l(d) = z*y(d) + 3*m(d). List the prime factors of l(7).
13
Suppose -7*w - 4*w + 17426 = -31920. List the prime factors of w.
2, 2243
Let r(f) = 80*f**2 + 210*f - 9. What are the prime factors of r(-11)?
17, 433
Let g(w) = -3*w**2 - 17*w - 5. Let d be g(4). Let f = 808 - d. What are the prime factors of f?
929
What are the prime factors of (-77612*(-56)/32)/7?
19403
What are the prime factors of (20640/18)/((-3)/(-18) - (-3)/(-90))?
2, 5, 43
What are the prime factors of (-15 - (-87)/6)*-76?
2, 19
List the prime factors of ((-24)/(-9))/(34/107814).
2, 7, 151
Let a(r) = 2*r**3 - 3*r**3 - r + 4*r**2 - 12 + 17*r**2 - 3*r. Let z be a(20). Suppose 4*m - 3*s = z, -s = -2*m - 2*s + 154. List the prime factors of m.
7, 11
Let y(z) = -41*z - 86. Let b = -153 + 145. List the prime factors of y(b).
2, 11
Let g(t) = 44*t**3 - 3*t**2 - 11*t + t - 193*t**3 + 2*t**2 + 10 + 960*t**3. What are the prime factors of g(1)?
2, 3, 5
Let v be (-10)/4*18/(-15). Suppose 9*b = -v + 30. Suppose 0 = -2*c - 5*k + 242, 41 + 304 = b*c + 3*k. List the prime factors of c.
3, 37
Suppose 0 = -4*x + 79 - 83. Let w be -2*1/(4/(-14)). List the prime factors of 1269*x/(-7) + (-2)/w.
181
Let r(q) = 23*q - 174. Let o be r(21). Let z = 19 - 15. Suppose -c + z*c - o = 0. List the prime factors of c.
103
Let i = -5766 - -21935. What are the prime factors of i?
19, 23, 37
Let l(c) = 3*c - 251. Let w be l(0). Let s = 38 - w. List the prime factors of s.
17
Suppose -u - u = 16. Let q = u - -13. Suppose 67 + 28 = q*c. List the prime factors of c.
19
Let l(f) = 2*f**2 + 68*f + 61. Let a be 6*(-9 + 8) - 38. List the prime factors of l(a).
941
Suppose 0 = x - 8326 - 3154. What are the prime factors of x?
2, 5, 7, 41
Suppose a = 96*a - 19*a - 606860. What are the prime factors of a?
5, 1597
Suppose -126*n + 159*n - 329472 = 0. List the prime factors of n.
2, 3, 13
Let x(q) = q**3 - 12*q**2. Let f be x(12). Suppose 0 = -f*n - 13*n + 5174. List the prime factors of n.
2, 199
Suppose 87434 + 33148 = 11*n. Suppose 3*f + 15*f = n. What are the prime factors of f?
3, 7, 29
Suppose -2*j = -8, 4*j + 7544 - 1646 = p. What are the prime factors of p?
2, 2957
Suppose 13*t - 15*t - 5*g = -2, 3*g = t - 12. What are the prime factors of (0 + (t - 13))*-109?
7, 109
Suppose -2*l + 4*s + 147196 = 0, 147166 = 3101*l - 3099*l + 2*s. List the prime factors of l.
2, 18397
Let z = -150 - -152. Suppose -z*l - 2*l + 3*p = -138, 5*l - 163 = -p. List the prime factors of l.
3, 11
Let i = -25 - -17. Let w be (-4)/(4/5) - -24. What are the prime factors of i + 5 + w/(-2)*-14?
2, 5, 13
Let r = 102 - 98. Suppose 3*c + 1 = -5, -r*c = -5*o + 2558. Let a = o - 303. What are the prime factors of a?
3, 23
Suppose 2*i + 4*k - 3*k - 7166 = 0, i - 3590 = -4*k. List the prime factors of i.
2, 3, 199
What are the prime factors of ((1 - 0) + 3575/(-52))*-184?
2, 23, 271
Let i be (1 + (-117)/27)/((-4)/582). Let j = -298 + i. List the prime factors of j.
11, 17
Let v be 24*((-3)/7 + 122/56). Suppose 0 = -v*f + 43*f - 217. List the prime factors of f.
7, 31
Suppose 4*v - 5 + 17 = -4*f, -5*f = -5*v + 15. Suppose v = -10*i - 239 + 599. What are the prime factors of i?
2, 3
Suppose -6*a + 120 = 4*a. Suppose 17*k - a*k - 45 = 0. List the prime factors of (-6 + k)/(30/29 + -1).
3, 29
Let d(p) = 16*p**2 + 4*p. Let c be d(-4). Suppose -39 = -3*q - 3. Suppose 0 = -q*m + 8*m + c. List the prime factors of m.
2, 3, 5
Let j(s) = -s**2 - 17*s - 32. Let u be j(-14). Let r be -3*u/(-15) + 143 + 2. What are the prime factors of (2898/r)/(1 - (-12)/(-14))?
2, 3, 23
Let w = -2041 + 2338. List the prime factors of w.
3, 11
Suppose 4*h + n + 264 = 0, 16 = 5*h + 4*n + 335. Let m = h - -211. What are the prime factors of m?
2, 3
Let f(l) = -4*l - 84. Let w be f(-22). Suppose -3*g + 19 = a - 5*g, g = -w. List the prime factors of a.
11
Let h(t) = -4*t + 3. Let w = -28 - -29. Let s be h(w). List the prime factors of ((-635)/(-10))/(s/(-2)).
127
Let u = 10 + 8. Let g = 284 - u. Suppose -5*x + 1255 = 5*p, 487 = 3*x - 5*p - g. List the prime factors of x.
251
Let j(n) = n**2 + 7*n - 3. Let k = -29 + 21. Let u be j(k). Suppose -5*o - r + 343 = -0*o, u*r = 3*o - 217. What are the prime factors of o?
3, 23
Let y = -81 + 95. Suppose 3*k = 3*l + 108, -2*k = 5*l - y - 37. Suppose 4*u + k + 20 = 5*v, v - 5*u = 19. What are the prime factors of v?
3
Let p(a) = 4*a**2 - 15*a + 1. Let s be p(6). Let u = 398 - s. List the prime factors of u.
7
Let k be -8*1 - 27/(-9). Let v(g) = -19*g**3 + 3*g**2 - 2*g - 2. Let l be v(k). Suppose 6*f - l = -658. List the prime factors of f.
2, 3, 5
Let l = 4582 + -3342. List the prime factors of l.
2, 5, 31
Suppose -4*w + 2*w + 28 = 0. Let r = -14 + w. Suppose -30 = -g - 4*y, -5*g - 3*y + y + 78 = r. What are the prime factors of g?
2, 7
Let k be 120/45*-3*3/(-6). Suppose 6*b - 184 = -t + 7*b, -t - k*b + 194 = 0. What are the prime factors of t?
2, 3, 31
Let f(p) = 105*p + 16. Let m be f(3). Let z = 748 - m. What are the prime factors of z?
3, 139
Suppose 4*t - 18 = -3*w + 10, -5*t - 5*w = -40. Let u be (-3)/t - (-45)/12. Suppose -u*m - 5*x + 153 = -0*m, -2*m + 4*x + 124 = 0. List the prime factors of m.
2, 7
List the prime factors of 14/(-308)*2 - (-316340)/22.
3, 4793
Let h be 204/(-16) + 1/(-4). Suppose 2*g = n + 93, -6*n + 134 = 3*g - 2*n. Let o = g - h. What are the prime factors of o?
59
Let y(t) = 64*t - 70. Let c(q) = 21*q - 23. Let n(a) = 10*c(a) - 3*y(a). Let p(z) = 2*z**2 - 5*z - 27. Let g be p(-3). What are the prime factors of n(g)?
2, 11
Suppose 63 = -4*h + a, 5*h + 0*a + 83 = -3*a. Let q = -4 - h. What are the prime factors of ((-27)/q)/((-2)/200)?
3, 5
Let g(n) = 15058*n - 5158. List the prime factors of g(2).
2, 12479
Suppose 4*b - b - 1260 = 0. Let c = -126 + b. What are the prime factors of c?
2, 3, 7
Let n = 1525 - 754. Suppose -f = -j + 64 + 192, -n = 3*f - 2*j. Let x = 530 + f. What are the prime factors of x?
271
Let i be (-16)/(-10) - (-24)/60. Suppose 0 = 2*s + i*s - 748. Let o = 367 - s. What are the prime factors of o?
2, 3, 5
Suppose -4*x = 3*j - 31, -35 = -2*j - 5*x - 12. Let d(o) = 58*o - 62. What are the prime factors of d(j)?
2, 5, 23
Let w = 27699 - 23353. What are the prime factors of w?
2, 41, 53
Suppose -39*k = -1100900 - 272524. List the prime factors of k.
2, 31, 71
Let p(d) = d - 12. Let j be p(16). Suppose 4*k + 4*t - 564 = 0, t + 149 = -3*k + j*k. Let c = -60 + k. What are the prime factors 